 of m and 30.
30
Let h be 660/(-1210) + 1/2*(-156)/(-22). What is the highest common factor of h and 1137?
3
Let z(k) = k**2. Let x be z(2). Suppose -x*m = -5 - 19. Suppose -m*u + 3*c + 90 = -u, 2*u - 2*c - 32 = 0. Calculate the greatest common factor of 84 and u.
21
Let z(t) = 2*t**3 + 46*t**2 - 195*t - 15. Let h be z(-25). Calculate the highest common factor of 640 and h.
40
Let i be 6*(-7)/(-42) - 3/((-15)/460). What is the highest common divisor of i and 434?
31
Let s = 16 + -12. Suppose 286 + 470 = 27*h. What is the highest common factor of s and h?
4
Let x be 2*6/(-24)*-4. Let i = x - -16. What is the highest common factor of 45 and i?
9
Suppose -2*h = 3*w - 357, 0 = -0*h + 2*h - 3*w - 351. Suppose -8*l - h = -337. What is the highest common divisor of l and 75?
5
Let s be (12 + 4)/(3/462). Calculate the highest common divisor of 462 and s.
154
Let w = -42 - -62. Let s = 389 + -329. What is the highest common divisor of w and s?
20
Let j(z) = z**3 - 12*z**2 + 13*z - 10. Let f be j(9). Let w = 31 + -47. Let s = w - f. Calculate the greatest common factor of s and 15.
15
Let q = -52 - -150. Let b = q + -83. Let p be 0 - 0 - (-170 + 5). Calculate the highest common divisor of b and p.
15
Suppose -117918 = -126*r - 15829 + 16981. Calculate the highest common factor of 189 and r.
189
Let t be (-12)/(4 + 2) + 41 + 2. Suppose 4*n + 7 = -3*h + 54, -h + t = -5*n. Calculate the highest common factor of h and 77.
7
Let o = -232 - -223. Let m(c) = -42*c - 108. Let q be m(o). What is the highest common divisor of 54 and q?
54
Let f = -6295 + 6903. Calculate the highest common divisor of f and 684.
76
Let o be (-4)/(64/(-396)) + (-39)/52. Let g be 190 + o/(5 + -1). Calculate the highest common factor of 147 and g.
49
Suppose -2*w - 2 = 2*o, 5*o = -3*w + o - 6. Suppose -w = -f - 0. Suppose -2*v + y = -2*y - 15, f*v - 9 = y. What is the greatest common factor of v and 1?
1
Let y = 30336 - 30300. Let b = 156 - 111. What is the highest common factor of y and b?
9
Let u be -1 + 2/((-4)/(-6)). Suppose 0 = 3*y - 3*t - 6, 4*t + 11 = 9*y - 8*y. Let s be y + (u + 27 - 4). Calculate the highest common factor of 192 and s.
24
Suppose 3*x = 3, 4*f - 583 = -0*f + 5*x. What is the highest common divisor of 21 and f?
21
Let o = -16 - -17. Let y be 2/2*o*(2 - -8). Suppose m + 2*s = y, 4*s + 25 = 4*m - 15. Calculate the highest common divisor of 15 and m.
5
Let y = 12 + 6. Let u be (-1280)/(-96)*(-594)/(-176). Calculate the greatest common divisor of y and u.
9
Let a be 3 + (-584)/(4 - 12). Suppose m = 20*m - a. Calculate the highest common divisor of m and 92.
4
Let g = 609 + -1. What is the highest common divisor of g and 1748?
76
Let o(s) = -s**3 - 12*s**2 - 29*s - 20. Let i be o(-8). Let q = -14 - i. Calculate the highest common divisor of 70 and q.
10
Let k be (1 - 2)/(6/(-3510)). Suppose 64*p + 928 - 1971 = 4717. What is the highest common factor of k and p?
45
Let x = -44693 + 44941. What is the greatest common factor of x and 80?
8
Let h = 459 - 441. Let b(s) = s**3 - 19*s**2 + 21*s - 48. Let a be b(h). Calculate the greatest common divisor of 192 and a.
6
Suppose 5*l + 3*v - 15 = 0, v + 3 - 8 = 0. Suppose -3*j = 4*z - 342, -4*j + z = -l*z - 456. Calculate the highest common divisor of 19 and j.
19
Let k be (-45)/(-135) + 2 + 34/6. Calculate the highest common divisor of 10 and k.
2
Let w(h) = -h**3 + 19*h**2 - 40*h - 44. Let f be w(14). Calculate the greatest common factor of 611 and f.
47
Let y be ((-3)/4 + (-385)/(-1100))*-605. Calculate the highest common factor of 176 and y.
22
Suppose 66 = 5*i + 2*o + 4*o, 4*o = -2*i + 28. What is the greatest common factor of i and 4212?
12
Suppose 2*l + 3*q - 10 = 0, 12 = 4*l - 3*q + 10. What is the greatest common divisor of l and 1511?
1
Let a(r) = -r**3 + 3*r + 1. Let u be a(-2). Let o = -752 - -766. What is the greatest common divisor of o and u?
1
Suppose -3*j - 4 = -j. Let t be ((-6)/9)/(j/30). Suppose 7*y = 3*y + 4*z - 8, 2*y + 2*z = 12. Calculate the greatest common factor of y and t.
2
Let j(u) = u**2 + 17*u - 1978. Let a be j(-54). What is the highest common factor of a and 215?
5
Suppose -4*m - 3*k = -199, -2*m - 5*k = m - 163. Suppose 2*c - m = -5*g + 3*g, -4*c + 2*g + 98 = 0. Calculate the greatest common divisor of c and 252.
12
Let d be 12/((-108)/(-44937)) + -5. Calculate the greatest common factor of d and 172.
172
Let m = 2 + 4. Let v be 3/2*(-11)/((-99)/96). Let z = -12 + v. What is the highest common factor of z and m?
2
Let w = -11858 + 11865. What is the highest common divisor of w and 8071?
7
Suppose o - 36 = 2*u, -u = -2*o + 4*o + 23. Let f(g) = -7*g - 103. Let v be f(u). Calculate the greatest common divisor of v and 960.
30
Let c = -23810 + 23815. Suppose 0 = 4*x - 6*x - 6. Let g be -2*(150/4)/x. Calculate the highest common factor of g and c.
5
Let p = 652 + -649. Let t = p + 35. Calculate the highest common factor of 152 and t.
38
Let q = 172 - 169. Suppose -2*z = -q*j - 130, -53 = -z + j + 13. What is the highest common divisor of z and 340?
68
Let r(o) = 29*o - 1682. Let z be r(66). What is the greatest common divisor of z and 319?
29
Suppose -47*t = 5*v - 45*t - 1878, -2*t = -v + 390. What is the highest common divisor of v and 288?
18
Let i(n) = -35*n + 677. Let m be i(19). Calculate the greatest common factor of m and 562.
2
Suppose 25*f = 23*f + 60. Let i = f - 6. What is the highest common factor of 48 and i?
24
Let c = -5202 + 5311. Let k = 14 + -109. Let w = c + k. What is the highest common factor of 7 and w?
7
Suppose -701*w + 757*w = 6048. What is the highest common factor of 1812 and w?
12
Suppose -7 - 21 = -2*w. Let z be 122 + (-8)/(-12) + 40/12. What is the greatest common divisor of z and w?
14
Let c be 50 + 1 - -2 - (0 + -3). Suppose 23442 = c*j - 20182. Calculate the greatest common factor of 19 and j.
19
Let j = -4049 + 4529. Calculate the highest common divisor of 80 and j.
80
Suppose -2*v = -2*c - 164 + 1160, -3*c = 5*v - 1478. Let y = 7 - -7. Suppose -y*w + c = -8. Calculate the highest common divisor of w and 4.
4
Let y = 78 + -55. Suppose -35*k + 3864 = -11*k. Suppose -k = 718*i - 719*i. What is the greatest common factor of y and i?
23
Let y = -200 + 354. Suppose 77*i - 78*i + 14 = 0. Calculate the greatest common divisor of i and y.
14
Suppose 195*p - 46779 + 35178 - 81999 = 0. Calculate the highest common divisor of 90 and p.
30
Suppose -8*j = -3*j. Suppose j = -6*h + 66 + 288. Suppose -6*t + 67 = -h. What is the highest common divisor of t and 231?
21
Suppose 0 = -3*n + v + 8032, -n - 2*v - 108 = -2797. What is the greatest common factor of 399 and n?
57
Let a be 111 + (9/(-6))/((-9)/6). Let j = -96 + a. Calculate the greatest common divisor of 32 and j.
16
Let x(i) = 4*i**3 + 5*i**2 - 6*i + 3. Let t be x(-3). Let k = t + 82. Calculate the greatest common factor of 120 and k.
40
Suppose 0 = 383*n - 381*n + 150. Let l be (-64)/(-10) - (-30)/n. Let u = 4 - -14. What is the greatest common factor of u and l?
6
Let l be 1 + (32 - 3/6*10). Let q = -352 - -364. What is the highest common factor of q and l?
4
Suppose -6*w + 257 = 227. Suppose i = -1 + w. Calculate the highest common factor of i and 20.
4
Let f(h) = 3*h - 40. Let d be f(16). Let u(v) = 11*v**3 - 3*v**2 + 3*v - 1. Let p be u(1). Calculate the greatest common divisor of d and p.
2
Let u = -3304 - -5456. What is the greatest common divisor of 8 and u?
8
Suppose 6*r + 1481 = -385. Let l = -158 - r. Suppose 3*o + 7*q - l = 4*q, -q - 47 = -o. Calculate the highest common divisor of 7 and o.
7
Let o = -9458 - -9470. What is the highest common divisor of o and 2238?
6
Suppose -84*w + 31860 - 9180 = 0. Calculate the greatest common factor of w and 792.
18
Let p = 62 - 10. Let r = p + -48. Suppose 0*i - r*i = -3*j - 16, 4*i + j = 16. What is the highest common factor of i and 32?
4
Let s be ((4 - 0) + -7)*(-160)/(-3). Let f = 352 - s. Calculate the highest common divisor of 4 and f.
4
Let i(g) = 3*g**2 + 10*g - 2. Suppose 8 = 8*j - 9*j. Let f be i(j). Calculate the greatest common divisor of 10 and f.
10
Suppose -4664 = 871*o - 924*o. Calculate the greatest common factor of 1784 and o.
8
Let x = -749 + 402. Let i = x + 605. Suppose 4*t = 2*o + 332, -5*o + i = 3*t - 2*o. Calculate the greatest common factor of 2